{"id":94,"date":"2017-09-24T09:08:29","date_gmt":"2017-09-24T08:08:29","guid":{"rendered":"http:\/\/hebergement.u-psud.fr\/reseau.di\/?page_id=94"},"modified":"2018-04-17T22:27:57","modified_gmt":"2018-04-17T21:27:57","slug":"reseau","status":"publish","type":"page","link":"https:\/\/reseau.dsi.universite-paris-saclay.fr\/?page_id=94","title":{"rendered":"R\u00e9seau"},"content":{"rendered":"<p>Le r\u00e9seau informatique de l&rsquo;Universit\u00e9 dispose de points de pr\u00e9sence et de collecte \u00e0 :<\/p>\n<ul>\n<li>Orsay \/ Bures \/ Gif\u00a0 (Campus de l&rsquo;Universit\u00e9, ZAC Moulon, H\u00f4pital d&rsquo;Orsay)<\/li>\n<li>Palaiseau (ZAC Polytechnique)<\/li>\n<li>Ch\u00e2tenay-Malabry (Facult\u00e9 de Pharmacie)<\/li>\n<li>Sceaux (Facult\u00e9 Jean Monnet, IUT Sceaux)<\/li>\n<li>Cachan (IUT Cachan)<\/li>\n<li>Kremlin-Bic\u00eatre (CHU)<\/li>\n<li>Villejuif (H\u00f4pital Paul Brousse)<\/li>\n<li>Clamart (H\u00f4pital B\u00e9cl\u00e8re)<\/li>\n<li>Plessis-Robinson (Centre chirurgical Marie Lannelongue)<\/li>\n<\/ul>\n<p>L&rsquo;Universit\u00e9 h\u00e9berge dans ses locaux un noeud r\u00e9gional RENATER, deux noeuds r\u00e9gionaux RUBIS et deux noeuds UPSaclay. A ce titre, l&rsquo;Universit\u00e9 dispose de plusieurs points de connexion au r\u00e9seau national RENATER.<\/p>\n","protected":false},"excerpt":{"rendered":"<p>Le r\u00e9seau informatique de l&rsquo;Universit\u00e9 dispose de points de pr\u00e9sence et de collecte \u00e0 : Orsay \/ Bures \/ Gif\u00a0 (Campus de l&rsquo;Universit\u00e9, ZAC Moulon, H\u00f4pital d&rsquo;Orsay) Palaiseau (ZAC Polytechnique) Ch\u00e2tenay-Malabry (Facult\u00e9 de Pharmacie) Sceaux (Facult\u00e9 Jean Monnet, IUT Sceaux) &hellip; <a href=\"https:\/\/reseau.dsi.universite-paris-saclay.fr\/?page_id=94\">Continuer la lecture <span class=\"meta-nav\">&rarr;<\/span><\/a><\/p>\n","protected":false},"author":1,"featured_media":0,"parent":0,"menu_order":0,"comment_status":"closed","ping_status":"closed","template":"","meta":{"footnotes":""},"class_list":["post-94","page","type-page","status-publish","hentry"],"_links":{"self":[{"href":"https:\/\/reseau.dsi.universite-paris-saclay.fr\/index.php?rest_route=\/wp\/v2\/pages\/94","targetHints":{"allow":["GET"]}}],"collection":[{"href":"https:\/\/reseau.dsi.universite-paris-saclay.fr\/index.php?rest_route=\/wp\/v2\/pages"}],"about":[{"href":"https:\/\/reseau.dsi.universite-paris-saclay.fr\/index.php?rest_route=\/wp\/v2\/types\/page"}],"author":[{"embeddable":true,"href":"https:\/\/reseau.dsi.universite-paris-saclay.fr\/index.php?rest_route=\/wp\/v2\/users\/1"}],"replies":[{"embeddable":true,"href":"https:\/\/reseau.dsi.universite-paris-saclay.fr\/index.php?rest_route=%2Fwp%2Fv2%2Fcomments&post=94"}],"version-history":[{"count":4,"href":"https:\/\/reseau.dsi.universite-paris-saclay.fr\/index.php?rest_route=\/wp\/v2\/pages\/94\/revisions"}],"predecessor-version":[{"id":175,"href":"https:\/\/reseau.dsi.universite-paris-saclay.fr\/index.php?rest_route=\/wp\/v2\/pages\/94\/revisions\/175"}],"wp:attachment":[{"href":"https:\/\/reseau.dsi.universite-paris-saclay.fr\/index.php?rest_route=%2Fwp%2Fv2%2Fmedia&parent=94"}],"curies":[{"name":"wp","href":"https:\/\/api.w.org\/{rel}","templated":true}]}}